069
List the prime factors of 799.
17, 47
List the prime factors of 150187.
101, 1487
What are the prime factors of 7356?
2, 3, 613
List the prime factors of 10762.
2, 5381
List the prime factors of 1799.
7, 257
What are the prime factors of 23491?
13, 139
What are the prime factors of 38762?
2, 19381
What are the prime factors of 1590?
2, 3, 5, 53
What are the prime factors of 4136?
2, 11, 47
What are the prime factors of 3818?
2, 23, 83
List the prime factors of 763.
7, 109
What are the prime factors of 34821?
3, 53, 73
What are the prime factors of 437?
19, 23
List the prime factors of 5842.
2, 23, 127
List the prime factors of 2825.
5, 113
What are the prime factors of 40356?
2, 3, 19, 59
List the prime factors of 816.
2, 3, 17
List the prime factors of 78652.
2, 7, 53
What are the prime factors of 4620?
2, 3, 5, 7, 11
What are the prime factors of 28124?
2, 79, 89
What are the prime factors of 146107?
13, 11239
List the prime factors of 67211.
67211
List the prime factors of 58353.
3, 53, 367
What are the prime factors of 98?
2, 7
What are the prime factors of 103811?
103811
What are the prime factors of 790?
2, 5, 79
List the prime factors of 2588.
2, 647
List the prime factors of 436.
2, 109
What are the prime factors of 13037?
13037
List the prime factors of 25667.
25667
List the prime factors of 2757.
3, 919
What are the prime factors of 5410?
2, 5, 541
List the prime factors of 471.
3, 157
What are the prime factors of 132963?
3, 23, 41, 47
What are the prime factors of 3381?
3, 7, 23
List the prime factors of 86927.
86927
List the prime factors of 21705.
3, 5, 1447
List the prime factors of 107144.
2, 59, 227
List the prime factors of 4980.
2, 3, 5, 83
What are the prime factors of 2194?
2, 1097
What are the prime factors of 47038?
2, 29, 811
What are the prime factors of 2810?
2, 5, 281
What are the prime factors of 1237?
1237
List the prime factors of 99.
3, 11
List the prime factors of 590.
2, 5, 59
What are the prime factors of 4487?
7, 641
What are the prime factors of 157?
157
List the prime factors of 864.
2, 3
List the prime factors of 12602.
2, 6301
List the prime factors of 2935.
5, 587
What are the prime factors of 1574?
2, 787
What are the prime factors of 47894?
2, 7, 11, 311
List the prime factors of 2484.
2, 3, 23
List the prime factors of 2464.
2, 7, 11
What are the prime factors of 13082?
2, 31, 211
List the prime factors of 9111.
3, 3037
What are the prime factors of 2359?
7, 337
What are the prime factors of 29947?
29947
List the prime factors of 9206.
2, 4603
What are the prime factors of 85472?
2, 2671
List the prime factors of 24915.
3, 5, 11, 151
What are the prime factors of 169118?
2, 84559
What are the prime factors of 2873?
13, 17
List the prime factors of 173047.
7, 59, 419
List the prime factors of 5448.
2, 3, 227
What are the prime factors of 28837?
28837
What are the prime factors of 34545?
3, 5, 7, 47
List the prime factors of 191688.
2, 3, 7, 163
What are the prime factors of 142?
2, 71
What are the prime factors of 409?
409
What are the prime factors of 180557?
13, 17, 19, 43
List the prime factors of 907.
907
List the prime factors of 11076.
2, 3, 13, 71
What are the prime factors of 2007?
3, 223
What are the prime factors of 2594?
2, 1297
What are the prime factors of 111?
3, 37
What are the prime factors of 683?
683
List the prime factors of 6450.
2, 3, 5, 43
What are the prime factors of 9484?
2, 2371
What are the prime factors of 58586?
2, 11, 2663
What are the prime factors of 13435?
5, 2687
What are the prime factors of 2654?
2, 1327
What are the prime factors of 15275?
5, 13, 47
What are the prime factors of 16795?
5, 3359
List the prime factors of 11519.
11519
List the prime factors of 32438.
2, 7, 331
What are the prime factors of 36834?
2, 3, 7, 877
List the prime factors of 12746.
2, 6373
List the prime factors of 6342.
2, 3, 7, 151
List the prime factors of 2997.
3, 37
List the prime factors of 38100.
2, 3, 5, 127
List the prime factors of 2471.
7, 353
What are the prime factors of 12096?
2, 3, 7
What are the prime factors of 4083?
3, 1361
What are the prime factors of 4124?
2, 1031
List the prime factors of 43332.
2, 3, 23, 157
What are the prime factors of 2198?
2, 7, 157
What are the prime factors of 36942?
2, 3, 47, 131
What are the prime factors of 8792?
2, 7, 157
List the prime factors of 14058.
2, 3, 11, 71
List the prime factors of 350.
2, 5, 7
List the prime factors of 23182.
2, 67, 173
List the prime factors of 25187.
89, 283
What are the prime factors of 768?
2, 3
What are the prime factors of 1258?
2, 17, 37
What are the prime factors of 6229?
6229
What are the prime factors of 561?
3, 11, 17
What are the prime factors of 11689?
11689
What are the prime factors of 1023?
3, 11, 31
List the prime factors of 871.
13, 67
List the prime factors of 649.
11, 59
List the prime factors of 1369.
37
What are the prime factors of 65331?
3, 7, 17, 61
List the prime factors of 8735.
5, 1747
What are the prime factors of 1901?
1901
List the prime factors of 718.
2, 359
What are the prime factors of 20037?
3, 6679
What are the prime factors of 2381?
2381
What are the prime factors of 67584?
2, 3, 11
List the prime factors of 7849.
47, 167
What are the prime factors of 37750?
2, 5, 151
What are the prime factors of 264?
2, 3, 11
List the prime factors of 483.
3, 7, 23
What are the prime factors of 8345?
5, 1669
What are the prime factors of 57283?
57283
List the prime factors of 20423.
13, 1571
What are the prime factors of 100924?
2, 23, 1097
List the prime factors of 351.
3, 13
What are the prime factors of 5473?
13, 421
What are the prime factors of 4784?
2, 13, 23
What are the prime factors of 28839?
3, 9613
List the prime factors of 1174.
2, 587
What are the prime factors of 4767?
3, 7, 227
What are the prime factors of 74?
2, 37
What are the prime factors of 35709?
3, 11903
What are the prime factors of 2565?
3, 5, 19
What are the prime factors of 65027?
65027
What are the prime factors of 23316?
2, 3, 29, 67
List the prime factors of 10334.
2, 5167
List the prime factors of 11491.
11491
What are the prime factors of 46922?
2, 29, 809
List the prime factors of 214.
2, 107
What are the prime factors of 62024?
2, 7753
What are the prime factors of 3656?
2, 457
What are the prime factors of 39149?
11, 3559
List the prime factors of 4386.
2, 3, 17, 43
List the prime factors of 1084.
2, 271
What are the prime factors of 87322?
2, 43661
What are the prime factors of 44178?
2, 3, 37, 199
What are the prime factors of 196?
2, 7
List the prime factors of 2079.
3, 7, 11
List the prime factors of 2654.
2, 1327
What are the prime factors of 691?
691
List the prime factors of 9051.
3, 7, 431
List the prime factors of 1260.
2, 3, 5, 7
List the prime factors of 364.
2, 7, 13
What are the prime factors of 57032?
2, 7129
List the prime factors of 13034.
2, 7, 19
List the prime factors of 6261.
3, 2087
What are the prime factors of 8860?
2, 5, 443
What are the prime factors of 7251?
3, 2417
List the prime factors of 12275.
5, 491
What are the prime factors of 9458?
2, 4729
List the prime factors of 162983.
349, 467
What are the prime factors of 14480?
2, 5, 181
What are the prime factors of 1254?
2, 3, 11, 19
List the prime factors of 21371.
7, 43, 71
What are the prime factors of 77?
7, 11
What are the prime factors of 1529?
11, 139
What are the prime factors of 1746?
2, 3, 97
List the prime factors of 2145.
3, 5, 11, 13
List the prime factors of 40577.
40577
List the prime factors of 5323.
5323
List the prime factors of 8843.
37, 239
List the prime factors of 2103.
3, 701
List the prime factors of 2580.
2, 3, 5, 43
List the prime factors of 350.
2, 5, 7
List the prime factors of 318.
2, 3, 53
What are the prime factors of 717?
3, 239
What are the prime factors of 5480?
2, 5, 137
List the prime factors of 1622.
2, 811
List the prime factors of 15196.
2, 29, 131
What are the prime factors of 3514?
2, 7, 251
What are the prime factors of 5858?
2, 29, 101
List the prime factors of 916.
2, 229
What are the prime factors of 1904?
2, 7, 17
What are the prime factors of 7418?
2, 3709
What are the prime factors of 66374?
2, 7, 11, 431
List the prime factors of 1770.
2, 3, 5, 59
List the prime factors of 2